4).
40
Calculate -24 + -59 + 96 + (11 - 0).
24
Calculate (1 - (1 + 15)) + 27 + (6 + -14 - 28).
-24
(-4462 - -4410) + (-1 + 0 - -5)
-48
Evaluate (-56 + -2 - 1) + -8 + (15 - (12 + -3)).
-61
Calculate ((-7 - 58) + 3 - -7) + (59 - 43).
-39
Calculate 47 - (-26 + 54 - 26).
45
Calculate -24 + 24 + (10 - 22) + (8 - -2).
-2
Evaluate -17 + 16 + 1 + 12 + 33 + -9.
36
Calculate 2 + (-6 - 2) - -17 - (2 + 61 - -3).
-55
28 - ((0 - (6 + -2)) + 8 - 15)
39
-6 + 2 + (50 - (52 - 20))
14
What is the value of (3 - 0) + 62 + -802 + 797?
60
-14 + (17 - 16) + 19
6
Calculate 5 - (-49 - (7 - 18) - ((-1 - 1) + -3)).
38
What is the value of (-6 - -3) + -1 - (37 + -57)?
16
Evaluate -4 + (41 - 18 - 27) - -44.
36
Evaluate -5 - (-1 + 32 + -6 + -14 + 36).
-52
(47 + -34 + -29 - -62) + -16
30
Calculate (97 - 136 - -95) + -133.
-77
Calculate -381 - -424 - ((-11 - 5) + 1).
58
-22 + -12 + (1 - -7) + 3 + (-5 - 0)
-28
What is -48 - (51 - 176 - -51)?
26
Evaluate 85 - 101 - (-12 - 3 - (0 - -2)).
1
What is the value of -18 - (-16 - (-4 + -19) - (12 + 0))?
-13
What is 11 + -4 - -2 - -1 - (114 - 110)?
6
Calculate 0 + -2 - -3 - (1580 - 1550).
-29
What is 53 + -54 + -6 - (2 - -18)?
-27
What is (15 - 23 - 3) + (11 - -5) - -73?
78
Calculate 6 + -26 - ((17 - 6 - -3) + -15 + 9).
-28
3 + 2 - (621 + -627)
11
Calculate (29 - 26) + 0 + -103.
-100
What is the value of -3 + -11 + (82 + -3 - (35 - 22))?
52
-28 + 7 + -15 - (4 + 2 - 2)
-40
What is (158 + -43 - 35) + -119?
-39
Calculate 68 - 81 - 1 - -13.
-1
Evaluate (62 - 62) + -14 - (6 + 4 + 0).
-24
Calculate 5 + 5 + 0 + -29 + 20 + -21.
-20
What is (78 + -85 - -91) + -67?
17
Evaluate 45 + 0 + -6 + 0 + 3 - (203 + -205).
44
What is 7 - ((-24 + 24 - 5) + 35)?
-23
What is the value of (-1363 - -1314) + -2 + 86?
35
Calculate 82 - (-34 - -88 - 37 - 20).
85
What is 27 + -20 + -21 + (-1 - 2) - -146?
129
What is (6 - -2) + (44 - (12 + 0))?
40
Evaluate 48 + -53 + 6 - (-3 + -66 - 5).
75
Calculate (-1666 - -1734) + -27 + -2.
39
Calculate 1 + (11 - 0 - ((-50 - -16) + 77)).
-31
115 + (-6 + -17 - (-39 - -55))
76
-2 + -15 + (-19 - -5) - 24
-55
Calculate -70 - (-27 + -22 + -21).
0
Evaluate (-90 - (2 - (-51 + 102))) + -63.
-104
Calculate -39 - 4 - 25 - -36.
-32
What is the value of (-2 - (61 - (-2 - 27))) + (2 - -2)?
-88
Evaluate 46 + (54 - 92) + -57.
-49
(112 - (106 - 59)) + -98
-33
What is 19 - 144 - (3 - (20 - (19 + 20)))?
-147
6 + -7 + 16 + (-58 - -27) + (1 - -13)
-2
What is the value of -30 + 0 + (90 - (-29 - -105))?
-16
What is the value of 6 - (35 + (9 - -98) - 16)?
-120
Calculate (42 - -1) + (224 - 236).
31
Evaluate -17 + (76 - 41) - (-4 - -18).
4
(4 - (33 + -36 - (-7 + 2))) + -56
-54
What is 2 + -29 + 16 + (-90 - -85)?
-16
Calculate -157 - (-2097 + 2093 - (1 + 23)).
-129
What is 2 - (32 + (-13 + -15 + 37 - 3))?
-36
Calculate -7 + 25 + -106 + (99 - 6).
5
Calculate (-16 - (-11 + 20)) + 11 + (0 - -106) + -10.
82
Calculate -3 + (22 + -36 - -36) + 2.
21
Evaluate (12 - (0 - -21) - -20) + 5.
16
Evaluate 24 - (-43 - -91) - (-2 - 1).
-21
(10 - (149 + -162)) + (0 - -19)
42
What is -2 + (33 - (-52 - -81) - (-7 + 3 + -4))?
10
What is the value of 59 + (-42 + -10 - -30)?
37
52 - (111 + -86 - -92)
-65
Calculate -12 + 64 - 80 - 16.
-44
Evaluate 530 + -581 + (1 - -47).
-3
(-41 - -91) + -31 + (1 - -6)
26
Calculate 1 + -55 + 0 + 86 + (-104 - -15).
-57
Evaluate -5 + (80 + (41 - 37) - -12).
91
848 + -796 + -5 + -9
38
What is 129 - 3 - (-14 + 15 + 28 + -11 + -8)?
116
What is the value of 25 + (14 - (20 + -8) - 7)?
20
Calculate (97 - 53 - 53) + (-49 - -2 - (1 - 3)).
-54
What is the value of -4 - ((-20 - -2) + -199 + 218)?
-5
Calculate -18 + (29 - -4 - -2).
17
What is -8 - 29 - ((3 - 60) + 31)?
-11
What is the value of -3 + 68 - (18 + (-4 - 16) + (11 - 0))?
56
(-65 - 45) + -16 + 48 + -18
-96
What is (-315 - -385) + (-1 - 57)?
12
Calculate 72 + -60 - -92 - 211.
-107
Evaluate 17 - (-15 - ((-3 - 25) + -14)) - 11.
-21
Evaluate -26 + (86 - 134) + (-17 - -2).
-89
Evaluate -36 - -118 - 116 - -117.
83
What is -37 + (14 - (4 + -7)) - 38?
-58
-1 - 12 - (-29 - -40) - 7 - (1 - 12)
-20
Calculate (121 - 48 - -3) + -62.
14
-7 + -3 + (18 - 50 - -16) + -1 + 22
-5
What is the value of 8 - ((36 - (25 - 17)) + (4 - -3))?
-27
What is the value of (-22 - (-30 - (-11 + -8))) + 33?
22
Calculate -1 + 4 + (-57 - (-87 - -35)).
-2
Evaluate 8 - -4 - 2 - (22 - -4 - 20).
4
What is the value of (-2 - -1) + (12 - 20) + 1 - (7 - 65)?
50
Calculate (3 - (6 - 10) - (83 + -6)) + 3.
-67
Calculate -28 + -2 + 51 + -77.
-56
(3 - (28 + (-51 - -73))) + -28
-75
Evaluate -37 + -28 - -30 - 31.
-66
Evaluate (-1 - (-9 + 14 - -3)) + -14 + 39.
16
Evaluate (1 - (11 - 12)) + 26 + (-6 - 9).
13
What is -2 + -6 + -2 + (16 - 39)?
-33
(139 - 135) + (-1 + -18 - (1 - -1)) - -10
-7
Evaluate (-12 - -1) + -3 + 1 - (-36 - (2 + 61)).
86
Evaluate -6 - (2 - 9) - -1 - 15 - -57.
44
What is the value of 11 + (-45 - -9 - 3 - -13) - 6?
-21
Evaluate (3 - (9 + -1)) + -10 + 4 + 6 + -6.
-11
What is the value of -3 + (-18 - -5) - (-3 - (8 + -3)) - -33?
25
(0 - -33) + (-40 - -71) + -14
50
What is -48 - ((3 - -11) + -90)?
28
What is the value of (14 - (14 - 9)) + -7 + -8 + -33?
-39
Evaluate (-20 - (-14 + 7) - (-55 - -12 - -15)) + 0.
15
What is the value of (18 + -10 - -2) + -3 + -37 - 6?
-36
-35 + (2 - (-58 + 7))
18
(74 + -39 - 16) + (1 - -24)
44
What is 0 - (-12 - -2) - (23 + 78 - 69)?
-22
What is 10 + (4 - (2 - -7) - -13 - 13)?
5
Calculate (-6 - (-3 + 10)) + 13 + -32.
-32
What is -4 + 3 + 2 + -15 + -4 + 12?
-6
What is the value of 70 + 9 - (520 - 389)?
-52
(-29 - 1) + 2 + (72 - -13)
57
What is 0 - (10 + -4 - 13 - -6) - (15 - 42)?
28
What is 1 + 5 + -38 - (2836 + -2852)?
-16
-1 + -44 - (28 - 98)
25
(-101 - 11 - 64) + 113
-63
Evaluate 47 - (34 + -48 + 73).
-12
Evaluate 363 - 411 - (0 - -3 - 5 - (10 + -5)).
-41
-60 + (-1 - 5) + -720 + 733
-53
What is -2 + 61 + (-955 - -960)?
64
Evaluate 26 - 21 - (34 - 22) - 55.
-62
Evaluate 1 + (37 - 13) + 4 + -1 + -8.
20
What is -63 - -125 - 63 - -20?
19
Calculate -27 - -8 - -9 - (-6 + 3 - 4).
-3
Calculate -119 + -1 - (5 + -8 + 24 + (-131 - -112)).
-122
What is 2 - (-98 + -14 + (-9 - -10) + 28 + -5)?
90
What is the value of (-119 - -60) + -16 + 58?
-17
Calculate (12 - (-12 - -74)) + -28.
-78
Calculate (5 - 17) + 11 + (-58 - -2) + (17 - 16).
-56
What is 1 + 32 + 0 + -5 + (-762 - -760)?
26
What is the value of 19 + -12 + (78 - 36)?
49
Calculate (-18 - -19) + (30 - (8 - 12 - -1)).
34
(-25 - 11) + 18 + 16 + -1 + -12
-15
81 + -181 + 107 + (-1 - -1) + -3
4
Calculate 14 + (13 - 125) + 67.
-31
Calculate (-3 - (-14 - (13 - 27))) + (-27 - 6) + -4.
-40
What is (-12 - (11 - 20) - -19) + (-24 - -18)?
10
Calculate 0 + 2 - (14 + (4 - 23) + -15 - -20).
2
-96 - 52 - (-103 + 3)
-48
Calculate 17 - -1 - (32 + (-52 - 3)).
41
What is -33 - ((-10 - (-28 + (-10 - -5))) + -10)?
-46
What is 3 + (11 - (35 + -21))?
0
Calculate (-11 - 6) + (-2 + -3 - (30 + -26)).
-26
Calculate -22 + -17 + 31 + 1 + -1 + 28.
20
What is (13 - 50) + (-948 - -963)?
-22
Calculate -2582 + 2585 + (-1 - -25).
27
Evaluate 1 + -2 - (15 + -12 + 0) - (-159 + 140).
15
(-41 - 12 - -60) + (-4 - -36) + -1
38
Calculate (45 - 15 - (-27 + 46)) + (-6 - -5 - -94).
104
Calculate (-4 - (5 - -3 - 7) - -93) + -20 + 25.
93
What is the value of (23 - (16 + -14)) + (-43 - 1)?
-23
28 + 32 + -55 + -4 - 37
-36
What is the value of (56 - (-44 - (11 - 9))) + (-3 - -1) + 6?
106
Calculate 26 + (-29 - -15) - (0 + 18) - -5.
-1
Evaluate -13 + -17 + -35 + 21 + 11.
-33
What is 31 + 10 + -81 + 160 + 20?
140
Evaluate -179 + -15 + 83 - (-20 + 2).
-93
Calculate 18 - (-10 - ((7 - 10 - -1) + 2)).
28
Calculate 21 - ((72 + -16 - 23) + 35).
-47
Calculate 192 - 173 - (19 - -3).
-3
Evaluate -61 + 151 + -82 + 69 + 1.
78
((2 - -3) + 0 - (-128 + 131) - 40) + -5
-43
(8 - (4 - -13)) + 32 + -2 + -11
10
What is the value of (-7 + (5 - (-2 - -5)) - -7) + (-29 - 4)?
-31
-33 - (-169 + 15 + 52)
69
Calculate (-4 + 14 - 4) + (-6 - 11) + 28.
17
Evaluate 71 + -88 - (-15 - (-2 - -3)) - (2 - -96).
-99
Calculate (1 - 1 - -1) + 170 + -83 + -96.
-8
Evaluate -1 - 5 - (-1 + 5 + 16).
-26
-76 + -15 - (237 + -291)
-37
Calculate 74 + 78 - 144 - (80 - 2).
-70
Calculate 54 + -5 + (-36 - (-3 - -37 - 72)).
51
Calculate -85 + -5 + -12 + 32 + 4.
-66
Evaluate -5 + -2 + (20 - 9 - (46 - 2 - -2)).
-42
What is the value of 21 + (-21 - 4) + 45 + -42 + 14?
